{"id":10,"date":"2026-03-25T08:38:48","date_gmt":"2026-03-25T08:38:48","guid":{"rendered":"https:\/\/flyersteam.mx\/?page_id=10"},"modified":"2026-04-15T09:53:03","modified_gmt":"2026-04-15T09:53:03","slug":"acerca-de","status":"publish","type":"page","link":"https:\/\/flyersteam.mx\/index.php\/acerca-de\/","title":{"rendered":"Biografia"},"content":{"rendered":"\n<div style=\"height:100px\" aria-hidden=\"true\" class=\"wp-block-spacer\"><\/div>\n\n\n\n<div class=\"wp-block-media-text has-media-on-the-right is-stacked-on-mobile\"><div class=\"wp-block-media-text__content\">\n<p>El Capit\u00e1n Luis Rogelio Mu\u00f1oz De La Tejera        cuenta con m\u00e1s 44 a\u00f1os de experiencia en vuelo y mas de 22,000 horas de vuelo.<br>30 a\u00f1os fungiendo como instructor de vuelo en fase de<br>emergencias y actitudes inusuales en distintas aeronaves.<\/p>\n<\/div><figure class=\"wp-block-media-text__media\"><img loading=\"lazy\" decoding=\"async\" width=\"1024\" height=\"708\" src=\"https:\/\/flyersteam.mx\/wp-content\/uploads\/2026\/04\/capi1-1024x708.png\" alt=\"\" class=\"wp-image-111 size-full\" srcset=\"https:\/\/flyersteam.mx\/wp-content\/uploads\/2026\/04\/capi1-1024x708.png 1024w, https:\/\/flyersteam.mx\/wp-content\/uploads\/2026\/04\/capi1-300x207.png 300w, https:\/\/flyersteam.mx\/wp-content\/uploads\/2026\/04\/capi1-768x531.png 768w, https:\/\/flyersteam.mx\/wp-content\/uploads\/2026\/04\/capi1-1536x1062.png 1536w, https:\/\/flyersteam.mx\/wp-content\/uploads\/2026\/04\/capi1-2048x1416.png 2048w\" sizes=\"auto, (max-width: 1024px) 100vw, 1024px\" \/><\/figure><\/div>\n\n\n\n<div style=\"height:100px\" aria-hidden=\"true\" class=\"wp-block-spacer\"><\/div>\n\n\n<div class=\"wp-block-image\">\n<figure class=\"aligncenter size-large\"><img loading=\"lazy\" decoding=\"async\" width=\"1024\" height=\"569\" src=\"https:\/\/flyersteam.mx\/wp-content\/uploads\/2026\/04\/frace-1024x569.png\" alt=\"\" class=\"wp-image-81\" srcset=\"https:\/\/flyersteam.mx\/wp-content\/uploads\/2026\/04\/frace-1024x569.png 1024w, https:\/\/flyersteam.mx\/wp-content\/uploads\/2026\/04\/frace-300x167.png 300w, https:\/\/flyersteam.mx\/wp-content\/uploads\/2026\/04\/frace-768x427.png 768w, https:\/\/flyersteam.mx\/wp-content\/uploads\/2026\/04\/frace.png 1348w\" sizes=\"auto, (max-width: 1024px) 100vw, 1024px\" \/><\/figure>\n<\/div>\n\n\n<div style=\"height:100px\" aria-hidden=\"true\" class=\"wp-block-spacer\"><\/div>\n\n\n\n<div class=\"wp-block-media-text is-stacked-on-mobile\"><figure class=\"wp-block-media-text__media\"><img loading=\"lazy\" decoding=\"async\" width=\"1010\" height=\"482\" src=\"https:\/\/flyersteam.mx\/wp-content\/uploads\/2026\/04\/fondo-1.png\" alt=\"\" class=\"wp-image-82 size-full\" srcset=\"https:\/\/flyersteam.mx\/wp-content\/uploads\/2026\/04\/fondo-1.png 1010w, https:\/\/flyersteam.mx\/wp-content\/uploads\/2026\/04\/fondo-1-300x143.png 300w, https:\/\/flyersteam.mx\/wp-content\/uploads\/2026\/04\/fondo-1-768x367.png 768w\" sizes=\"auto, (max-width: 1010px) 100vw, 1010px\" \/><\/figure><div class=\"wp-block-media-text__content\">\n<p>Somos una empresa con mas de 15 a\u00f1os de experiencia, con mas de 30 espectaculos aereos producidos, siempre con saldo blanco.        Consolidada en el a\u00f1o 2010, con los mejores pilotos acrobatas profecionales de Canada, Estados Unidos y Mexico.<\/p>\n<\/div><\/div>\n\n\n\n<div style=\"height:500px\" aria-hidden=\"true\" class=\"wp-block-spacer\"><\/div>\n","protected":false},"excerpt":{"rendered":"<p>El Capit\u00e1n Luis Rogelio Mu\u00f1oz De La Tejera cuenta con m\u00e1s 44 a\u00f1os de experiencia en vuelo y mas de 22,000 horas de vuelo.30 a\u00f1os fungiendo como instructor de vuelo en fase deemergencias y actitudes inusuales en distintas aeronaves. Somos una empresa con mas de 15 a\u00f1os de experiencia, con mas de 30 espectaculos aereos&hellip;&nbsp;<\/p>\n","protected":false},"author":1,"featured_media":0,"parent":0,"menu_order":0,"comment_status":"closed","ping_status":"closed","template":"","meta":{"neve_meta_sidebar":"","neve_meta_container":"default","neve_meta_enable_content_width":"","neve_meta_content_width":0,"neve_meta_title_alignment":"","neve_meta_author_avatar":"","neve_post_elements_order":"","neve_meta_disable_header":"","neve_meta_disable_footer":"","neve_meta_disable_title":"on","footnotes":""},"class_list":["post-10","page","type-page","status-publish","hentry"],"_links":{"self":[{"href":"https:\/\/flyersteam.mx\/index.php\/wp-json\/wp\/v2\/pages\/10","targetHints":{"allow":["GET"]}}],"collection":[{"href":"https:\/\/flyersteam.mx\/index.php\/wp-json\/wp\/v2\/pages"}],"about":[{"href":"https:\/\/flyersteam.mx\/index.php\/wp-json\/wp\/v2\/types\/page"}],"author":[{"embeddable":true,"href":"https:\/\/flyersteam.mx\/index.php\/wp-json\/wp\/v2\/users\/1"}],"replies":[{"embeddable":true,"href":"https:\/\/flyersteam.mx\/index.php\/wp-json\/wp\/v2\/comments?post=10"}],"version-history":[{"count":7,"href":"https:\/\/flyersteam.mx\/index.php\/wp-json\/wp\/v2\/pages\/10\/revisions"}],"predecessor-version":[{"id":112,"href":"https:\/\/flyersteam.mx\/index.php\/wp-json\/wp\/v2\/pages\/10\/revisions\/112"}],"wp:attachment":[{"href":"https:\/\/flyersteam.mx\/index.php\/wp-json\/wp\/v2\/media?parent=10"}],"curies":[{"name":"wp","href":"https:\/\/api.w.org\/{rel}","templated":true}]}}