{"id":9,"date":"2026-03-25T08:38:48","date_gmt":"2026-03-25T08:38:48","guid":{"rendered":"https:\/\/flyersteam.mx\/?page_id=9"},"modified":"2026-04-15T09:29:00","modified_gmt":"2026-04-15T09:29:00","slug":"inicio","status":"publish","type":"page","link":"https:\/\/flyersteam.mx\/","title":{"rendered":"Inicio"},"content":{"rendered":"\n<div style=\"height:100px\" aria-hidden=\"true\" class=\"wp-block-spacer\"><\/div>\n\n\n<div class=\"wp-block-image\">\n<figure class=\"aligncenter size-large\"><img loading=\"lazy\" decoding=\"async\" width=\"1024\" height=\"147\" src=\"https:\/\/flyersteam.mx\/wp-content\/uploads\/2026\/04\/TITULO-1024x147.png\" alt=\"\" class=\"wp-image-65\" srcset=\"https:\/\/flyersteam.mx\/wp-content\/uploads\/2026\/04\/TITULO-1024x147.png 1024w, https:\/\/flyersteam.mx\/wp-content\/uploads\/2026\/04\/TITULO-300x43.png 300w, https:\/\/flyersteam.mx\/wp-content\/uploads\/2026\/04\/TITULO-768x110.png 768w, https:\/\/flyersteam.mx\/wp-content\/uploads\/2026\/04\/TITULO.png 1059w\" sizes=\"auto, (max-width: 1024px) 100vw, 1024px\" \/><\/figure>\n<\/div>\n\n\n<p class=\"has-text-align-center\" style=\"font-size:30px\">Una entidad que tiene como prop\u00f3sito compartir con las personas<br>el mundo de la aviaci\u00f3n, interactuando de forma visual y f\u00edsica por<br>medio de shows aerob\u00e1ticos y traslados a\u00e9reos. Con m\u00e1s de 15<br>a\u00f1os de experiencia y m\u00e1s de 30 eventos a\u00e9reos TODOS con saldo<br>blanco, poniendo siempre la SEGURIDAD como prioridad.<\/p>\n\n\n\n<p class=\"has-text-align-center\" style=\"font-size:30px\">Empresa orgullosamente MEXICANA.<\/p>\n\n\n\n<div style=\"height:500px\" aria-hidden=\"true\" class=\"wp-block-spacer\"><\/div>\n","protected":false},"excerpt":{"rendered":"<p>Una entidad que tiene como prop\u00f3sito compartir con las personasel mundo de la aviaci\u00f3n, interactuando de forma visual y f\u00edsica pormedio de shows aerob\u00e1ticos y traslados a\u00e9reos. Con m\u00e1s de 15a\u00f1os de experiencia y m\u00e1s de 30 eventos a\u00e9reos TODOS con saldoblanco, poniendo siempre la SEGURIDAD como prioridad. Empresa orgullosamente MEXICANA.<\/p>\n","protected":false},"author":1,"featured_media":0,"parent":0,"menu_order":0,"comment_status":"closed","ping_status":"closed","template":"","meta":{"neve_meta_sidebar":"","neve_meta_container":"contained","neve_meta_enable_content_width":"","neve_meta_content_width":0,"neve_meta_title_alignment":"center","neve_meta_author_avatar":"","neve_post_elements_order":"","neve_meta_disable_header":"","neve_meta_disable_footer":"","neve_meta_disable_title":"on","footnotes":""},"class_list":["post-9","page","type-page","status-publish","hentry"],"_links":{"self":[{"href":"https:\/\/flyersteam.mx\/index.php\/wp-json\/wp\/v2\/pages\/9","targetHints":{"allow":["GET"]}}],"collection":[{"href":"https:\/\/flyersteam.mx\/index.php\/wp-json\/wp\/v2\/pages"}],"about":[{"href":"https:\/\/flyersteam.mx\/index.php\/wp-json\/wp\/v2\/types\/page"}],"author":[{"embeddable":true,"href":"https:\/\/flyersteam.mx\/index.php\/wp-json\/wp\/v2\/users\/1"}],"replies":[{"embeddable":true,"href":"https:\/\/flyersteam.mx\/index.php\/wp-json\/wp\/v2\/comments?post=9"}],"version-history":[{"count":8,"href":"https:\/\/flyersteam.mx\/index.php\/wp-json\/wp\/v2\/pages\/9\/revisions"}],"predecessor-version":[{"id":109,"href":"https:\/\/flyersteam.mx\/index.php\/wp-json\/wp\/v2\/pages\/9\/revisions\/109"}],"wp:attachment":[{"href":"https:\/\/flyersteam.mx\/index.php\/wp-json\/wp\/v2\/media?parent=9"}],"curies":[{"name":"wp","href":"https:\/\/api.w.org\/{rel}","templated":true}]}}